5*w**2 - 17*w - 1. Let s(c) = 3*c**3 + c**2 + 4*c. Let d(h) = -2*k(h) - 9*s(h). Calculate d(1).
0
Let k = 1766 - 1795. Let b(w) = -w**3 - 31*w**2 - 57*w + 28. Calculate b(k).
-1
Let m(t) = 2*t**2 + 11*t + 1. Suppose 4846*d - 4847*d = 6. Determine m(d).
7
Let w(x) be the second derivative of -x**3/2 + x**2/2 + 186*x. Suppose 0*o = -2*a + 3*o - 4, 0 = -4*o. Determine w(a).
7
Let c(z) be the second derivative of z**5/20 + 2*z**4/3 - 2*z**3/3 - 5*z**2 + 4894*z. Determine c(-7).
67
Let a = -6329 - -6334. Let i(v) = -v**3 + 4*v**2 + 8*v - 18. Calculate i(a).
-3
Let j(z) = z**3 - 3*z**2 + 5*z + 3. Let v(b) = b**3 - 62*b**2 + 280*b + 287. Let g be v(57). Calculate j(g).
9
Let a(u) = -83*u - 101*u - 18 + 298*u - 98*u. Give a(-7).
-130
Let p(h) be the third derivative of h**5/60 - h**4/2 + 10*h**3/3 + 6*h**2 - 13*h. Give p(9).
-7
Let x(c) = -12 + 8 - 9*c**3 + 3 + 2*c**2. Let g be -2 - 7/(14/(-60)). Suppose 2*m - 22 = -4*d, -5*m + 2*m - 5*d + g = 0. What is x(m)?
-8
Let h(c) = -c - 4. Let w(l) = 5*l + 7. Let o be -3 + 1 - (-11 + 0/2). Suppose -r - o = 4*q, 2*q + 1 = 5*r + 2. Let v be w(q). What is h(v)?
-1
Let r(q) be the first derivative of -q**2/2 - 30*q - 603. Calculate r(20).
-50
Let z be -54*6/(-216)*(-1 + -1). Let w(r) = -4*r**2 - 2*r - 16. Give w(z).
-46
Let c(y) = -9*y - 92. Suppose 16*s + s - 2*s + 225 = 0. What is c(s)?
43
Let r(f) = 57*f**2 - 178*f - 16. Let y(a) = 8*a**2 - 25*a - 2. Let b(p) = -6*r(p) + 43*y(p). Determine b(4).
14
Let i(o) = -o**3 + 7*o**2 + 44*o + 4. Let c be ((-468)/36 - -22) + -14 + 1. Determine i(c).
4
Let i(z) = z**3 + 7*z**2 + 4*z + 8. Let r(s) be the first derivative of 3/4*s**4 + 16*s + 4*s**2 + 49 + 5*s**3. Let g(b) = 5*i(b) - 2*r(b). Calculate g(6).
-4
Let w(t) = -15*t + 9. Let i(o) = 10*o - 5. Let z(a) = 11*i(a) + 6*w(a). Let g be 4/16 - 6/(-8). Let y be (-2 + 1)*(0 - g). Calculate z(y).
19
Let h(x) = 13*x + 7. Let s(q) = -37*q - 21. Let l be 3/(2 + 7/(-2)) + 19. Let c(r) = l*h(r) + 6*s(r). Determine c(-11).
4
Suppose 0 = -5*y - 2*w + 72, 5*y - 2*w - 18 = 50. Suppose -21*j + 28*j = y. Let q(d) be the second derivative of -d**4/12 - d**3/6 + d**2/2 + 2*d. What is q(j)?
-5
Let w be (8/10)/((-20)/(-50)). Let v(f) = -5 + 6*f**2 + 5 + 0*f**w - 1. Give v(-1).
5
Let g(d) = -d**2 - 11*d - 8. Suppose 4*q - q - 30 = 0. Let l be 51/(-85) + 306/q. Suppose 0 = -120*s + 123*s + l. Calculate g(s).
2
Let a(k) = -2*k + 6. Let v = 169 - 163. Suppose v*t = 19*t - 65. Determine a(t).
-4
Let a(o) = -2*o + 8. Let h(u) = u + 16. Let m be h(-8). Let k be a(m). Let v(z) = -z**3 - 9*z**2 - 9*z - 6. Determine v(k).
2
Let r(c) = 7*c**2 - 6*c + 7. Let v(t) = -t**2 - 2*t + 2. Let h(m) = -r(m) + 3*v(m). What is h(-2)?
-41
Let z(w) = 4*w - 1. Let y(d) = 0*d - 4 + 0*d + 5 - 4*d. Let h be y(-1). Suppose h*b + 3*s + 5 = 0, 0*s - s = -5*b + 15. Calculate z(b).
7
Let f(x) = 12*x**2 - x - 1182 + 8*x + 1163. Let s(u) = -7*u**2 - 4*u + 9. Let y(n) = 3*f(n) + 5*s(n). Determine y(0).
-12
Let z(q) be the second derivative of 7*q**5/20 + q**4/12 - q**3/3 + q - 8. Give z(1).
6
Let j(o) = -7*o - 30. Let l be j(-5). Let w(i) = -4*i + 1. Let y(x) = 7*x - 2. Let q(p) = 5*w(p) + 3*y(p). Give q(l).
4
Let t(n) = -n**2 - 24*n - 119. Let g(q) = q**2 + 4*q - 533. Let s be g(-25). Give t(s).
9
Let k = 5854 - 5858. Let z(o) = o**3 + 5*o**2 - o - 14. Calculate z(k).
6
Let t(g) = g**3 + 8*g**2 - 6. Let m be t(-8). Let j be (-5 - -7)/((-2)/(-5)). Let c(v) = 0*v - 2 - 4*v + j*v + 0*v. Calculate c(m).
-8
Let o(c) be the first derivative of c**4/4 + 2*c**3 - 4*c**2 - 6*c - 11794. Let y = 14 - 21. Calculate o(y).
1
Let m(y) = -11*y - 20. Let q be m(-2). Let f(n) be the second derivative of -1/3*n**3 - 2*n**q + 1/12*n**4 + 2*n + 0. Determine f(4).
4
Let c(s) = -116*s**2 + 6*s - 56. Let z(w) = -41*w**2 + 3*w - 19. Let h(p) = -6*c(p) + 17*z(p). What is h(8)?
69
Let z = 75 + -22. Suppose -5*b + 70 = 8*y - 3*y, -4*y - 3*b = -z. Suppose -2*n - 7 = -2*j - n, -3*j + n + y = 0. Let l(t) = -4*t + 3. Give l(j).
-13
Let q(v) = -12*v + 30*v - 4*v - 2 - 2*v - 3*v. Let x be (-16)/(-11) - (-138)/253. Give q(x).
16
Let k be (1/(-3))/(4/(-180)). Suppose 3*p - k = 5*t + 10, p + t = -5. Suppose z + 11 = 5*n, 3*z - 3*n - 3 = -p*z. Let c(g) = 4*g + 3. Determine c(z).
19
Let x(z) = -z**2 + 24*z + 6. Suppose 10*w - 43*w + 1752 = 40*w. What is x(w)?
6
Let y(g) be the second derivative of g**8/6720 + g**7/2520 + g**5/60 - 31*g**4/12 + 2*g + 2. Let z(t) be the third derivative of y(t). Calculate z(0).
2
Let n(i) = -3*i**3 - 3*i**2 - 10. Let x(m) = -13 + 7*m - 2*m**2 + 0*m - m - 4*m**3 - 5*m. Let u(v) = 3*n(v) - 2*x(v). What is u(-5)?
6
Let a(h) = -h**2 + 70*h + 8. Let g be a(0). Let j(w) = -4*w - 3. Determine j(g).
-35
Let n(b) = -26*b - 1. Let c(m) = -m**2 + 16*m - 56. Let d be c(10). Let z be -2 + 7 - (d + 2). Give n(z).
25
Let d(t) be the first derivative of 5*t**2/2 + 21*t - 1647. Give d(-7).
-14
Let g(p) = -19*p + 26. Suppose 433*a - 72 = 409*a. Calculate g(a).
-31
Let b(w) = 2*w. Let c be b(6). Let t(s) be the third derivative of 1/24*s**4 - 1/5*s**5 + 1/120*s**6 - 24*s**2 - 5/3*s**3 - 2*s + 0. What is t(c)?
2
Let n(k) = 9*k**2 + 2*k - 1. Let y(d) = 8*d**2 + d + 5. Let q(c) = -n(c) + y(c). Determine q(-5).
-14
Suppose 0 = 5*k + 5*g - 20, 6*k - 10*k = 8*g - 36. Let y(p) = 8*p**2 + 4*p + 3. What is y(k)?
7
Let l(b) = 10*b + 26. Let v be l(-6). Let k = v - -57. Let y = -16 + k. Let a(p) = -p**3 + 6*p**2 + 10*p - 5. Determine a(y).
16
Let h(o) = -o**2 - 7*o - 4. Let a(w) = 11 + 146*w**2 - 22*w + 8*w - 7 + 2*w**3 + 17 - 150*w**2. Let t be a(3). What is h(t)?
8
Let q(u) = -5189 + 10346 - u - u - 5157. Let b(n) = n**2 + 4*n - 1. Let h be b(-4). What is q(h)?
2
Suppose -42*m = -251 - 211. Suppose 104 - 38 = m*p. Let a(x) be the first derivative of x**2 - 8*x - 1. Give a(p).
4
Let v be (55/33)/((-10)/(-36)). Let u(t) = -5 + 7*t**2 - 7*t**3 + t + 14*t**3 + 3*t - v*t**3. Determine u(-6).
7
Let s(c) = -3*c**3 + 2*c - 10. Let m(t) = -t**3 + 67*t**2 - 68*t + 132. Let p be m(66). What is s(p)?
-10
Let b = 20 + -7. Let z(c) = 7*c**3 - 23*c**2 + 33*c - 18. Let r(d) = 4*d**3 - 11*d**2 + 17*d - 8. Let g(y) = -5*r(y) + 3*z(y). Calculate g(b).
-1
Suppose -3*c - 2*w = -4*c - 5, 4*w - 8 = 0. Let h(x) = -2*x**3 + x**2 + 2*x + 1. Determine h(c).
2
Let p(w) = -35*w - 1. Let a(u) = -u**2 + 68*u + 59. Let m(d) = -a(d) - 2*p(d). Calculate m(-8).
-9
Suppose 1108*a + 855 = 937*a. Let p(n) = n + 25. What is p(a)?
20
Let h(c) = c**3 - 15*c**2 - 27*c - 124. Let p be h(17). Let m(j) = j**3 + 2*j**2 + 2*j + 6. What is m(p)?
-79
Let z(k) = -23*k**2 - 10 + 15 + 20*k**2 - k - 7 + 4*k. Suppose 10 = 3*p + 4. What is z(p)?
-8
Let a = 115 + -24. Let n = a + -86. Let q(r) = -r**2 + 0 + 6 + 5*r - 5*r + 5*r. Give q(n).
6
Let o = -2753 + 2757. Let t(u) be the second derivative of u**4/6 - u**3/3 + 2*u**2 + 6*u. Determine t(o).
28
Let b(u) be the first derivative of -u**3/3 + 11*u**2 + 12*u + 5371. Calculate b(22).
12
Let k(a) be the third derivative of a**8/3360 - a**5 - 47*a**2. Let b(s) be the third derivative of k(s). Let p be -7 - -5 - 1*-3. Give b(p).
6
Let t = 4715 + -4711. Let s(g) = -g**2 + 2*g + 7. Let n(z) = 2*z**2 - 5*z - 22. Let y(l) = 2*n(l) + 7*s(l). What is y(t)?
-27
Let l(o) = -47 + 35 + 5*o**2 + 5790*o + 4*o**2 - 5797*o - 10*o**2. Suppose 0 = -4*j - 15 - 9. Determine l(j).
-6
Let w(v) = 57*v - 61. Let z(g) = -41*g + 59. Let c(x) = -3*w(x) - 4*z(x). Calculate c(-6).
-11
Let t(i) = 3*i - 2. Suppose -3*v - 5*z - 35 = -8*v, -3*v + 7 = 4*z. Suppose -22*q = 9 - 17 - 36. Suppose -h - 7 = -2*w, v*h + 5 = q*h - 2*w. Calculate t(h).
-11
Let a(z) = 12*z**3 - 52*z**2 + 47*z + 3. Let v be a(1). Let l(c) = -c**3 + 10*c**2 + c - 13. Give l(v).
-3
Let p(s) = s**3 + s**2 - 3*s + 1. Suppose -8 = 2961*a - 2965*a. Let g be 204/(-17)*a/(-12). Calculate p(g).
7
Let j(w) be the first derivative of 21*w**2 + 458*w + 12587. Determine j(-11).
-4
Let q(v) be the third derivative of v**6/15 + v**5/30 - v**3/6 - 27*v**2. Suppose a - 7 = -8. Let g be a/((-6 - -3) + 4). Calculate q(g).
-7
Let h(i) be the second derivative of i**4/12 - 19*i**3/3 + 351*i**2/2 - 217*i - 5. Calculate h(16).
-1
Let n(o) = o + 18. Let h = 13606 - 13606. Calculate n(h).
18
Let l be 21/77 + (-126)/(-22). Let z(h) be the first derivative of h**2/2 - 13*h - 1. Calculate z(l).
-7
